is the hundreds digit of s(r)?
6
Let y be 652 + (32/(1 - -3))/(-2). Let k = y + -47. What is the units digit of k?
1
Let v = 4432 - -1040. What is the tens digit of v?
7
Let r be (-460)/(-14) - 1416/(-1239). Suppose -3*d - 21 = 3*g, -2*g - 19 = -4*d + d. What is the units digit of (r/(-5))/(g/80)?
8
Let y(c) = -7923*c + 1142. What is the thousands digit of y(-1)?
9
What is the thousands digit of (-1 - -3901) + 175 + -170?
3
Let p(a) be the second derivative of a**4/4 + 3*a**3/2 + 3*a**2 - 95*a. What is the units digit of p(-7)?
0
Let s = -1 - 0. Let w(l) = -33*l**3 + l**2. Let u be w(s). Suppose 0 = -4*p - r - 0*r + 146, -p = -r - u. What is the tens digit of p?
3
Let w(f) = -54*f**2 - 21*f + 138. Let i be w(6). What is the tens digit of (3/(72/(-16)))/(2/i)?
4
Suppose -10 = -2*c + 3*v - v, -2*v - 10 = 0. Suppose -2*r + 0*r - 3984 = c. What is the hundreds digit of r/(-9) + 4/6?
2
Suppose -3607*g + 2*r = -3610*g + 35319, 4*r + 24 = 0. What is the hundreds digit of g?
7
Suppose -4*q + 130094 = -n, 58963 = -4*q + 4*n + 189039. What is the hundreds digit of q?
5
Let t = -4583 - -30465. What is the ten thousands digit of t?
2
Suppose 2*n = -16, -b - 193*n + 21605 = -192*n. What is the units digit of b?
3
Suppose 26 = -4*o + 18. What is the tens digit of (12/(-10))/((-9)/((-4005)/o))?
6
Let k(z) = -32*z - 25. Let n be k(-14). Let q = n - 80. Suppose 1 = 5*m + 5*l - 354, -2*l + q = 5*m. What is the tens digit of m?
6
Suppose 130 = -7*l + 6038. What is the units digit of l - (-13 - (-9 - -1))?
9
Let o = 259 + -250. Suppose 7*c = 338 - o. What is the tens digit of c?
4
Let h(b) = -2*b**3 + 5*b**2 - b + 7. Let g be h(4). Let t = g + 84. Suppose -4 = 4*j - 0, 5*i - 4*j = t. What is the units digit of i?
7
Suppose 16*a - 2*x = 12*a + 3130, 5*a - 3*x - 3911 = 0. What is the units digit of a?
4
Suppose 31*t + 99243 = 165645 + 282906. What is the thousands digit of t?
1
Let r = -133 + 188. Let y = r - 53. Suppose -2*w + 3*v + 326 = 0, y*w = 2*v + 370 - 46. What is the tens digit of w?
6
Let b = -2 - -5. Suppose 3*c - 18 = -b*c. Suppose -138 - 150 = -c*y. What is the units digit of y?
6
Suppose 0 = 13*p + 6223 + 6946. Let z = -265 - p. What is the units digit of z?
8
Let n(z) = -38*z**3 + 12*z**2 - 120*z - 1229. What is the thousands digit of n(-12)?
7
Let k = 132379 + -88152. What is the hundreds digit of k?
2
Suppose -4*v - 60 = -4*r, -4*r + 39 = 3*v - 0*v. Let b be 280/48 - -1*2/r. Suppose 605 = b*q - 139. What is the units digit of q?
4
Suppose -632 - 3050 = 7*u. Let k = -176 - u. What is the tens digit of k?
5
Suppose -35*n - 155987 = -106*n. What is the hundreds digit of n?
1
Let p = 69695 - 46018. What is the tens digit of p?
7
What is the hundreds digit of 4815006/210 + (-42)/(-80) + (-10)/80?
9
Let g be ((-24)/6 - -8) + 2*(6 + -7). Let d = -224 - -390. Suppose -g*p + d = -402. What is the units digit of p?
4
Let u(o) = 4*o**3 - o**2 + o - 5. Let v be u(3). Suppose -1368 = v*w - 101*w. Suppose w - 18 = 6*h. What is the tens digit of h?
5
Let v(n) = 56*n**2 - 24 + 36*n**2 - 3*n - 46*n**2. Let f be v(-4). What is the units digit of ((-2)/(-4))/(2/f)?
1
Let u(x) = 2*x**3 - 13*x**2 + 7*x - 3. Let r be u(6). Suppose 2*a = -r*g + 719, 11*g = -5*a + 9*g + 1770. What is the hundreds digit of a?
3
Let g(o) = 85*o + 5. Let r be g(3). Suppose 0 = 3*y - 7*y + r. Let h = -53 + y. What is the units digit of h?
2
What is the hundreds digit of 0 - -2 - (-7651 - -44)?
6
Suppose 3*b - 5*b = 67*b - 1187559. What is the units digit of b?
1
Let x = -83 - -67. What is the tens digit of 36/(-96) + (-4166)/x?
6
What is the hundreds digit of 41*-71*(-42 + (60 - 25))?
3
Let z(n) be the first derivative of 3 + 1/3*n**3 + 0*n**2 + 14*n. What is the tens digit of z(7)?
6
Let d(n) = 7207*n - 569. What is the units digit of d(2)?
5
Let u = -423 - -493. Suppose 3*d - q - 494 = 0, -q = -4*d + u + 590. What is the hundreds digit of d?
1
Let m = 28 + -23. Suppose 0 = -4*b + 2*k + 16, -2*b + 3*k = k - 6. Suppose 154 = 5*i - q, -m*q - 192 = -b*i - 22. What is the tens digit of i?
3
Suppose 3*x - 4*d = 25, 3*d + 2 = -5*x + 5. Suppose 4*z - x*r = 2905, z - 726 = -0*z + r. What is the units digit of z?
7
Let d = -30771 + 47152. What is the ten thousands digit of d?
1
Let k(h) = 0*h - 24 - 12 + 5 + 16*h - 7*h. Let c be (0 + 2)/(8/28). What is the units digit of k(c)?
2
Let z(i) = i**2 - i + 30. Let l be z(0). Let j = 30 - l. Let o(g) = -g**3 - 3*g**2 - 2*g + 240. What is the units digit of o(j)?
0
Let p(i) = -i**3 + 7*i**2 - 4*i + 1. Let a be 1 + (2 - -22)/4. Suppose v - a = -1. What is the units digit of p(v)?
3
Suppose -243*c + 249*c - 190555 + 50935 = 0. What is the tens digit of c?
7
Let y(g) = 314*g**2 + g - 5. Let t be y(-9). Suppose -t = -11*k - 20*k. What is the hundreds digit of k?
8
Let j(x) = x**2 + 3*x + 1361 - 2*x**2 - 1239. Let q(u) = -u**2 + 5*u + 6. Let d be q(6). What is the tens digit of j(d)?
2
What is the units digit of (-18595)/(-7) - 390/910?
6
Suppose -5*c - 6*p + 12 = -5*p, -2 = 2*c - 3*p. Suppose -3*d + 4099 = -c*x, -8*d = -11*d + x + 4100. What is the thousands digit of d?
1
Let k = 9308 + -909. What is the units digit of k?
9
Suppose -5*n - 4163 = 5*f - 6*f, 4*f + 4*n = 16700. What is the thousands digit of f?
4
Let i(d) = -2*d - 30. Let q be i(-17). Suppose 2038 = 4*w - 5*k, -4*w + 860 = q*k - 1196. What is the units digit of w?
2
Suppose 16*z = -6*z - 1364. Let n = z + 283. What is the units digit of n?
1
Let j be 3551072/11454 + 6/(-207). Let k = 12 - 5. Suppose 0 = k*u - 2067 + j. What is the hundreds digit of u?
2
Suppose -3*c + 238 = 43. Suppose -62*y + c*y - 246 = 0. Suppose 210 - y = 16*j. What is the units digit of j?
8
Let w(f) = -f**3 - f**2 + 5*f + 4. Let o be w(-4). Let k be o - -5 - (2 + -1). Let v = k - -57. What is the units digit of v?
3
Let m(d) = -2*d**3 - 7*d**2 + d + 16. Suppose -2*o + 3*x + 24 = 0, 0 = -2*o + 4*x - 0*x + 22. Let r = o - 21. What is the units digit of m(r)?
0
Let d(v) = 3*v**2 + 125*v - 34. What is the units digit of d(8)?
8
Let h be 1/(-4) + 30/24. Suppose 0 = -2*l - 5*s - 2, -l - 2*s - h = -s. Let n(i) = -109*i**3 - i**2 + i + 1. What is the hundreds digit of n(l)?
1
Suppose 0 = -s + 30*p - 34*p + 22, 5*p - 25 = 0. Suppose 8*q = 4*q - 4*a + 1792, s*a = -4. What is the tens digit of q?
5
Let k be 11505/8 + 19/(-152). Suppose -3*x + 4*u + k = 0, -8 = 5*u - 3*u. What is the units digit of x?
4
Let m(h) = -4*h - 20. Let q(i) = -4*i + 2. Let r be q(2). Let v be m(r). Suppose v*d = -d + 175. What is the tens digit of d?
3
Let g = -16468 - -57156. What is the ten thousands digit of g?
4
Let m(p) = -p**3 + 12 + 0*p - 7*p**2 + 2*p**3 - 4*p + 0*p**2. Let x = -377 - -385. What is the tens digit of m(x)?
4
Let h be 146/6*(-195)/(-65). Let a(t) = -t**3 + 4*t + 1. Let k be a(-3). Let j = k + h. What is the units digit of j?
9
Let m = 0 + 2. Let g be (-263)/(-5) + 1/(-5)*3. Suppose m*b - g = -k, -8*b - 82 = -k - 4*b. What is the tens digit of k?
6
Let j be 20/6*4266/(-45). Let u = -105 - j. What is the units digit of u?
1
What is the hundreds digit of (405/108 - 3) + ((-142023)/4)/(-3)?
8
Suppose 20*a - 167879 = -3419. What is the thousands digit of a?
8
Let x(m) = -m**3 - 3*m**2 + 2*m - 4. Suppose 8 = i - 10. Suppose -i*f + 15*f = 18. What is the tens digit of x(f)?
9
Let t(n) = 71*n**3 - 8*n**2 + n + 2. Let f be t(3). Suppose f = 4*c + 5*y, 3*c - y + 3*y = 1384. What is the hundreds digit of c?
4
Let o(s) = -76*s - 14. Let a be o(-4). Suppose 7*n - 9*n = -a. Suppose 0 = -5*k + 3*j + n, -k - 4*k = 5*j - 145. What is the units digit of k?
9
Let a(y) = 3*y**3 + 40*y**2 - 28*y + 4. Let p be a(-14). What is the units digit of (p/(-16))/((-5)/860)?
3
Suppose -9 = 3*d + 5*i, -i = 5*d + 51 - 58. Suppose 0*p - 828 = -d*p. What is the hundreds digit of p?
4
Suppose -4*j = 22*j + 1170. What is the units digit of 1113 - ((-40)/(-6) + 30/j)?
7
Let r be 1/(2/2) - (26 - 27). What is the tens digit of (((-1456)/20)/7)/(r/(-5))?
2
Suppose 4*d = u - 20389, -11*d + 8*d = 4*u - 81499. What is the units digit of u?
7
Let k be ((24/(-9))/2)/((-1)/3). Suppose -k*j - 1620 = -6*j. What is the tens digit of j?
1
Let k = -130 + 134. Suppose -3*a - k*v = -456, -v = 3*v - 12. What is the hundreds digit of a?
1
Let h(s) = -2*s**3 + 53*s**2 + 1403*s - 25. What is